58?
39255
In base 11, what is -a144 + 25?
-a11a
In base 11, what is 1a8695 - -1?
1a8696
In base 8, what is 0 - -71035?
71035
In base 5, what is -210 - 2?
-212
In base 5, what is -32403121 + -10?
-32403131
In base 4, what is -1 + -1113322313?
-1113322320
In base 13, what is 8b18 - 1?
8b17
In base 16, what is -156c - -31?
-153b
In base 6, what is -1104 + 213?
-451
In base 13, what is 22 - -970?
992
In base 9, what is -64448 - -10?
-64438
In base 5, what is 11 - -41142300?
41142311
In base 8, what is 543 - -4306?
5051
In base 10, what is -9746 + 2?
-9744
In base 8, what is -4 + -636770?
-636774
In base 10, what is -9275 + -35?
-9310
In base 3, what is -2022002220 - 20?
-2022010010
In base 16, what is bc5 - -1e?
be3
In base 6, what is -155251 - -4?
-155243
In base 2, what is -110110011001110 + 110?
-110110011001000
In base 13, what is 1171 + -9a?
10a4
In base 6, what is -1034530 + -5?
-1034535
In base 6, what is 0 - 32403301?
-32403301
In base 5, what is -4 + -20221?
-20230
In base 8, what is 73525 - 70?
73435
In base 10, what is 17 - 16533?
-16516
In base 4, what is -1220 - 11201?
-13021
In base 6, what is -12 - 2552215?
-2552231
In base 11, what is 320726 - -1?
320727
In base 12, what is -14 + 2a?
16
In base 5, what is 33212 - -101?
33313
In base 8, what is -72 - -1711?
1617
In base 14, what is 1240b - 1?
1240a
In base 16, what is -1 - -21af?
21ae
In base 6, what is 12043555 + 2?
12044001
In base 14, what is -3834 + 511?
-3323
In base 10, what is -2 - -1353268?
1353266
In base 8, what is 1550 - 20157?
-16407
In base 15, what is 2 - -66233?
66235
In base 15, what is 2 - -d840b?
d840d
In base 13, what is -c7 + 5a?
-6a
In base 12, what is -9858b - 2?
-98591
In base 12, what is 1 - 3a65?
-3a64
In base 9, what is 1 + 47364?
47365
In base 5, what is -2 - -211414?
211412
In base 11, what is -556 + -748?
-11a3
In base 13, what is 1cb35 - -4?
1cb39
In base 4, what is 1000013 + 3?
1000022
In base 5, what is 10323231 - -23?
10323304
In base 7, what is 10 + -306066?
-306056
In base 6, what is 1005 - 1521?
-512
In base 15, what is -a6c8 - -4?
-a6c4
In base 4, what is 13 + 13320?
13333
In base 16, what is -14c + -f1?
-23d
In base 6, what is 100513 - 24?
100445
In base 9, what is 12663 + 14?
12677
In base 7, what is 366044 + 4?
366051
In base 14, what is -2d - -12756?
12727
In base 16, what is -108 + a8?
-60
In base 7, what is 1 - -155116?
155120
In base 15, what is -200 + 38c?
18c
In base 13, what is -3221a - 2?
-3221c
In base 2, what is -11000011001100110011111 - -101?
-11000011001100110011010
In base 5, what is 131 - 204314?
-204133
In base 7, what is 12 - -16326?
16341
In base 7, what is -5 + -313152?
-313160
In base 3, what is 20 + 22000?
22020
In base 8, what is -15463 + -12?
-15475
In base 8, what is 1 + 11500?
11501
In base 7, what is -15224 - 645?
-16202
In base 7, what is -533124 + 6?
-533115
In base 4, what is 1010 - 21323?
-20313
In base 10, what is 1 - 140967?
-140966
In base 10, what is 127999 + 6?
128005
In base 10, what is 15174 - 34?
15140
In base 8, what is -23 - -13721?
13676
In base 6, what is -100530 - -40?
-100450
In base 12, what is 2 + 393?
395
In base 11, what is -1144 - -19?
-1126
In base 3, what is -12 - 1211022002?
-1211022021
In base 8, what is -4 - 1441?
-1445
In base 6, what is -2020 - 2255?
-4315
In base 11, what is -5 + 99080?
99076
In base 15, what is 45 - 27b?
-236
In base 15, what is 7 + -29b5a?
-29b53
In base 7, what is -1 + -134146?
-134150
In base 15, what is -1947 + 4?
-1943
In base 4, what is -10 + 1000032130?
1000032120
In base 2, what is -1001100101100101111100 - 11?
-1001100101100101111111
In base 14, what is 2711c - 45?
270b7
In base 9, what is -787172 + -5?
-787177
In base 9, what is -1664502 + -2?
-1664504
In base 5, what is 423112 + -111?
423001
In base 15, what is -2 + -6243?
-6245
In base 9, what is 7654 + -684?
6860
In base 14, what is 215 + -11bc?
-da7
In base 8, what is -115046 + -11?
-115057
In base 11, what is 7a061 - -3?
7a064
In base 14, what is 1 - -59d58?
59d59
In base 4, what is 10311030 - -1?
10311031
In base 2, what is 101010010 + 1000011?
110010101
In base 2, what is 100 + 11001010010000?
11001010010100
In base 2, what is -10011 + -10000010101011000?
-10000010101101011
In base 13, what is 4233 + -197?
4069
In base 13, what is 62c7 + 2b?
6325
In base 9, what is 1384128 + -1?
1384127
In base 9, what is 30 + -4868?
-4838
In base 8, what is 6271 + 770?
7261
In base 10, what is -98301 + 13?
-98288
In base 13, what is -404 + 30?
-3a4
In base 2, what is 1111001110 - -100000001?
10011001111
In base 14, what is 1 - -aa324?
aa325
In base 2, what is -11 + 11001110110?
11001110011
In base 8, what is -3 + -37000?
-37003
In base 8, what is 60 + 3171?
3251
In base 12, what is 10 - -36aa?
36ba
In base 16, what is -8617 + -4b?
-8662
In base 12, what is -1536a31 - 1?
-1536a32
In base 3, what is -10 + 11111012200?
11111012120
In base 10, what is 3 - -307897?
307900
In base 5, what is 3 + -1210030?
-1210022
In base 14, what is -103 + 20c?
109
In base 15, what is -6c015 - 2?
-6c017
In base 4, what is 21222311 - -21?
21222332
In base 15, what is 5 - -4b29?
4b2e
In base 15, what is -304e5 + 4?
-304e1
In base 13, what is 1 + -1bb22?
-1bb21
In base 7, what is 5 - -45634?
45642
In base 7, what is 126516 + -5?
126511
In base 9, what is -2 - 168186?
-168188
In base 8, what is -33630 + 0?
-33630
In base 3, what is 10102222022 - -11?
10102222110
In base 6, what is 15134320 + 11?
15134331
In base 2, what is -11110110 + -100110101000?
-101010011110
In base 14, what is a139 - -1?
a13a
In base 13, what is -410a - 2?
-410c
In base 12, what is -2a697 + -1?
-2a698
In base 13, what is 36 - -4532?
4568
In base 6, what is -535541 + 3?
-535534
In base 3, what is 1110101112111 + -21?
1110101112020
In base 4, what is -211013 + 2320?
-202033
In base 13, what is 1801b - -5?
18023
In base 6, what is 2310 - -2441?
5151
In base 12, what is -3 - -7164?
7161
In base 6, what is -1 - 55553?
-55554
In base 3, what is 1 + 111001012?
111001020
In base 10, what is -25 - 16079?
-16104
In base 13, what is 1a0c9 + 4?
1a100
In base 14, what is 623 - -4a?
66d
In base 15, what is -18c + -19?
-1a6
In base 16, what is 59be2 - -4?
59be6
In base 10, what is -6 - 23782?
-23788
In base 15, what is -2795 - 4?
-2799
In base 4, what is -3223100 + -2?
-3223102
In base 8, what is 333043 + -5?
333036
In base 8, what is -40514 - -17?
-40475
In base 16, what is -4 + a3d13?
a3d0f
In base 11, what is 126a3 - -22?
12715
In base 8, what is 1637 - -5427?
7266
In base 13, what is -2 + 188740?
18873b
In base 4, what is 0 - -232233313?
232233313
In base 6, what is 240 + 52435?
53115
In base 6, what is -250233 - -253?
-245540
In base 4, what is -1 - -33002?
33001
In base 6, what is 255 - 2114?
-1415
In base 8, what is -754562 + -3?
-754565
In base 14, what is -38d463 + -5?
-38d468
In base 5, what is 331112322 + -4?
331112313
In base 9, what is -12176 + 80?
-12086
In base 14, what is -161 + -420?
-581
In base 6, what is -2330553 - 0?
-2330553
In base 8, what is 12 + 535?
547
In base 3, what is 20 - 102222202120?
-102222202100
In base 9, what is 370 + -1622?
-1242
In base 2, what is 101 - 10001001010101000010?
-10001001010100111101
In base 7, what is -3545 + -563?
-4441
In base 16, what is b + 3328?
3333
In base 2, what is -1010001111111101001011 + 0?
-1010001111111101001011
In base 2, what is -10101100 - 101011110?
-1000001010
In base 11, what is 8a0 - 5?
896
In base 12, what is -3 + 1673?
1670
In base 3, what is -1120221020 - -2?
-1120221011
In base 10, what is -9 + 2191?
2182
In base 14, what is -3dd - 274?
-673
In base 8, what is -266070 - 14?
-266104
In base 6, what is 1 - -2433213?
2433214
In base 16, what is 2b5 + -242?
73
In base 7, what is 123 - -115352?
115505
In base 4, what is -1210 + -23202?
-31012
In base 3, what is 100110022 - 110?
100102212
In base 4, what is -222130 - 31?
-222221
In base 6, what is 2 + 114?
120
In base 8, what is 4 + 234762?
234766
In base 7, what is 616244 - 2?
616242
In base 7, what is -136 + -222?
-361
In base 12, what is 147a843 - -4?
147a847
In base 15, what is -1 - -213d?
213c
In base 7, what is 5 - 3006056?
-3006051
In base 12, what is -137b9 - 1?
-137ba
In base 13, what is 730c - b?
7301
In base 10, what is -119906 - 5?
-119911
In base 3